{"id":21,"date":"2021-06-01T11:14:56","date_gmt":"2021-06-01T09:14:56","guid":{"rendered":"http:\/\/bikcomputer.home.pl\/oksir\/bipoksir\/?page_id=21"},"modified":"2026-03-18T09:40:59","modified_gmt":"2026-03-18T08:40:59","slug":"pozostali-pracownicy","status":"publish","type":"page","link":"https:\/\/bip.oksir.wiszniamala.pl\/index.php\/pozostali-pracownicy\/","title":{"rendered":"Pozostali Pracownicy"},"content":{"rendered":"\n<h4 class=\"wp-block-heading\">Pracownicy O\u015brodka Kultury Sportu i Rekreacji:<\/h4>\n\n\n\n<p><strong>Magdalena Tabi\u015b \u2013&nbsp;<\/strong>Kierownik ds. Administracji<br><strong>Paulina Krzemie\u0144<\/strong>&nbsp;\u2013 G\u0142\u00f3wny Ksi\u0119gowy<br><strong>Agnieszka Nowak<\/strong>&nbsp;\u2013 Specjalista ds. Ksi\u0119gowo\u015bci, Kadr i P\u0142ac<br><strong>Piotr Adamczyk<\/strong>&nbsp;\u2013&nbsp;Koordynator ds. sportu<br><strong>Micha\u0142 Kuras<\/strong>&nbsp;\u2013 Specjalista ds. Promocji \/ Informatyk<br><strong>Ewa Noga<\/strong>&nbsp;\u2013 Specjalista ds. obs\u0142ugi sekretariatu i \u015bwietlic wiejskich<br><strong>Aleksander Stachura<\/strong>&nbsp;\u2013 Kierowca Konserwator<br><strong>Katarzyna Kasprzyk<\/strong>&nbsp;\u2013 Pracownik Gospodarczy<br><strong>Ryszard Glego\u0142a<\/strong>&nbsp;\u2013 Animator \u015bwietlic w Strzeszowie, Pierwoszowie, Machnicach \/ Animator kultury<br><strong>Marian Sasinowski<\/strong>&nbsp;\u2013 Pracownik obs\u0142ugi technicznej i akustycznej \/ Konserwator<br><strong>Joanna Moszonka-\u015amigiel<\/strong>&nbsp;\u2013 Specjalista ds. promocji i organizacji imprez \/ Animator \u015bwietlicy<br><strong>Krzysztof \u017bebrowski<\/strong>&nbsp;\u2013 Pracownik obs\u0142ugi technicznej obiekt\u00f3w administrowanych przez OKSiR w Wiszni Ma\u0142ej<br><strong>Mariola Sysa<\/strong>&nbsp;\u2013 Animator \u015bwietlicy wiejskiej w Strzeszowie<br><strong>Karolina Mazur<\/strong>&nbsp;\u2013 Animator \u015bwietlicy wiejskiej w Pierwoszowie<\/p>\n\n\n\n<h4 class=\"wp-block-heading\">Pracownicy Gminnej Biblioteki Publicznej przy OKSiR Wisznia Ma\u0142a:<\/h4>\n\n\n\n<p><strong>Sylwia Drz\u0105szcz<\/strong>\u00a0\u2013 Kierownik Gminnej Biblioteki Publicznej w Wiszni Ma\u0142ej<br><strong>Marta Wachowska<\/strong>\u00a0\u2013 Bibliotekarz w Gminnej Bibliotece Publicznej w Wiszni Ma\u0142ej<\/p>\n\n\n\n<p><\/p>\n","protected":false},"excerpt":{"rendered":"<p>Pracownicy O\u015brodka Kultury Sportu i Rekreacji: Magdalena Tabi\u015b \u2013&nbsp;Kierownik ds. AdministracjiPaulina Krzemie\u0144&nbsp;\u2013 G\u0142\u00f3wny Ksi\u0119gowyAgnieszka Nowak&nbsp;\u2013 Specjalista ds. Ksi\u0119gowo\u015bci, Kadr i P\u0142acPiotr Adamczyk&nbsp;\u2013&nbsp;Koordynator ds. sportuMicha\u0142 Kuras&nbsp;\u2013 Specjalista ds. Promocji \/ InformatykEwa&hellip;<\/p>\n","protected":false},"author":1,"featured_media":0,"parent":0,"menu_order":0,"comment_status":"closed","ping_status":"closed","template":"","meta":{"footnotes":""},"class_list":["post-21","page","type-page","status-publish","hentry"],"_links":{"self":[{"href":"https:\/\/bip.oksir.wiszniamala.pl\/index.php\/wp-json\/wp\/v2\/pages\/21","targetHints":{"allow":["GET"]}}],"collection":[{"href":"https:\/\/bip.oksir.wiszniamala.pl\/index.php\/wp-json\/wp\/v2\/pages"}],"about":[{"href":"https:\/\/bip.oksir.wiszniamala.pl\/index.php\/wp-json\/wp\/v2\/types\/page"}],"author":[{"embeddable":true,"href":"https:\/\/bip.oksir.wiszniamala.pl\/index.php\/wp-json\/wp\/v2\/users\/1"}],"replies":[{"embeddable":true,"href":"https:\/\/bip.oksir.wiszniamala.pl\/index.php\/wp-json\/wp\/v2\/comments?post=21"}],"version-history":[{"count":15,"href":"https:\/\/bip.oksir.wiszniamala.pl\/index.php\/wp-json\/wp\/v2\/pages\/21\/revisions"}],"predecessor-version":[{"id":546,"href":"https:\/\/bip.oksir.wiszniamala.pl\/index.php\/wp-json\/wp\/v2\/pages\/21\/revisions\/546"}],"wp:attachment":[{"href":"https:\/\/bip.oksir.wiszniamala.pl\/index.php\/wp-json\/wp\/v2\/media?parent=21"}],"curies":[{"name":"wp","href":"https:\/\/api.w.org\/{rel}","templated":true}]}}

<h4 class="wp-block-heading">Pracownicy Ośrodka Kultury Sportu i Rekreacji:</h4>



<p><strong>Magdalena Tabiś –&nbsp;</strong>Kierownik ds. Administracji<br><strong>Paulina Krzemień</strong>&nbsp;– Główny Księgowy<br><strong>Agnieszka Nowak</strong>&nbsp;– Specjalista ds. Księgowości, Kadr i Płac<br><strong>Piotr Adamczyk</strong>&nbsp;–&nbsp;Koordynator ds. sportu<br><strong>Michał Kuras</strong>&nbsp;– Specjalista ds. Promocji / Informatyk<br><strong>Ewa Noga</strong>&nbsp;– Specjalista ds. obsługi sekretariatu i świetlic wiejskich<br><strong>Aleksander Stachura</strong>&nbsp;– Kierowca Konserwator<br><strong>Katarzyna Kasprzyk</strong>&nbsp;– Pracownik Gospodarczy<br><strong>Ryszard Glegoła</strong>&nbsp;– Animator świetlic w Strzeszowie, Pierwoszowie, Machnicach / Animator kultury<br><strong>Marian Sasinowski</strong>&nbsp;– Pracownik obsługi technicznej i akustycznej / Konserwator<br><strong>Joanna Moszonka-Śmigiel</strong>&nbsp;– Specjalista ds. promocji i organizacji imprez / Animator świetlicy<br><strong>Krzysztof Żebrowski</strong>&nbsp;– Pracownik obsługi technicznej obiektów administrowanych przez OKSiR w Wiszni Małej<br><strong>Mariola Sysa</strong>&nbsp;– Animator świetlicy wiejskiej w Strzeszowie<br><strong>Karolina Mazur</strong>&nbsp;– Animator świetlicy wiejskiej w Pierwoszowie</p>



<h4 class="wp-block-heading">Pracownicy Gminnej Biblioteki Publicznej przy OKSiR Wisznia Mała:</h4>



<p><strong>Sylwia Drząszcz</strong> – Kierownik Gminnej Biblioteki Publicznej w Wiszni Małej<br><strong>Marta Wachowska</strong> – Bibliotekarz w Gminnej Bibliotece Publicznej w Wiszni Małej</p>



<p></p>

<p>Pracownicy Ośrodka Kultury Sportu i Rekreacji: Magdalena Tabiś –&nbsp;Kierownik ds. AdministracjiPaulina Krzemień&nbsp;– Główny KsięgowyAgnieszka Nowak&nbsp;– Specjalista ds. Księgowości, Kadr i PłacPiotr Adamczyk&nbsp;–&nbsp;Koordynator ds. sportuMichał Kuras&nbsp;– Specjalista ds. Promocji / InformatykEwa&hellip;</p>
